 - 5*z - 292 = 0. Calculate the remainder when a is divided by g(-8).
28
Suppose -16*s = -11*s - 4100. Let n = s - 687. What is the remainder when n is divided by 48?
37
Let k be (-2 - 0)/(4/(-80)). Let n = k + -38. Suppose -256 = -5*b + 2*w + 192, n*b = -3*w + 164. Calculate the remainder when b is divided by 45.
43
Let y(v) = 15*v**3 - 3*v**2 - 3*v. Let m be y(-2). Let t = -92 - m. Calculate the remainder when 270 is divided by t.
32
Suppose -50*i - 19*i + 696314 = -74347. Calculate the remainder when i is divided by 7.
4
Let u(m) = m**3 + 7*m**2 + 5*m + 11. Calculate the remainder when 351 is divided by u(3).
3
Let n(h) = -1531*h + 3372. What is the remainder when n(-41) is divided by 212?
211
Let a = 414 + -425. Calculate the remainder when 459 is divided by 846/11 + (-1)/a.
74
Let f(d) = 8*d + 34. Let l be f(-5). Let a(m) = m**2 - 5*m + 12. Calculate the remainder when 309 is divided by a(l).
75
Suppose 7548 = 33*g + 7251. Calculate the remainder when (-6)/24 - (-930)/8 is divided by g.
8
Let v(l) = 35*l - 28. Let c(n) = -35*n + 31. Let f(b) = -7*c(b) - 6*v(b). Calculate the remainder when 39 is divided by f(2).
18
Let v(s) = 5*s + 2. Let j be v(4). Suppose -15*h - 3*h + 1260 = 0. What is the remainder when h is divided by 11/(j/72)*1?
34
Let j be (-6)/(-9)*(-5)/((-20)/114). Let r(m) = -2*m + 42. Let q be r(j). Suppose -126 = -3*p - q*p. Calculate the remainder when p is divided by 4.
2
Let m = 115 + -125. What is the remainder when (-1)/m + (-69)/(-10) is divided by 6?
1
Suppose 44*t - 48*t + 17 = p, 3*p - 2*t - 23 = 0. Suppose 34*f - p*f = 2200. What is the remainder when f is divided by 50?
38
Let x = -1478 + 1489. Let s(k) = 13 - 3*k - k**3 + 11*k**2 + 0*k + 4*k. What is the remainder when 71 is divided by s(x)?
23
Suppose 2*d - 152 = 18. Let o = 6683 + -6661. Calculate the remainder when d is divided by o.
19
What is the remainder when ((1686288/(-18))/(-19))/6 - (-4)/18 is divided by 4?
2
Let r be (1*-7)/(4/56). Suppose 34*f - 5051 = -699. Let d = f + r. What is the remainder when d is divided by 11?
8
Let i = 5 + -3. Let j be (4/6)/(108/162). Calculate the remainder when (j + -5)*6/(-8) is divided by i.
1
Let q be (-122)/5 + (-12)/(-30). Let k be ((-4)/(-10))/((-1)/30). Calculate the remainder when 26 is divided by k/q*(15 + -1).
5
Let h(t) = 7*t**2 + t - 2. Let m = -20 + 23. Suppose -5*q + m = -2. What is the remainder when 6 is divided by h(q)?
0
Suppose 7*c - 10*c = 60. Suppose -7 = -10*y + 13. Let j = y - c. Calculate the remainder when j is divided by 7.
1
Suppose 4*f - 136 = 16. Let p(t) = t**2 + 4*t - 16. Let v be p(3). Suppose v*w = 4*g + 82, w + 3*g - 1 - 4 = 0. Calculate the remainder when f is divided by w.
10
Let i(z) = z**3 - 32*z**2 + 32*z + 250. Calculate the remainder when i(31) is divided by 72.
65
Calculate the remainder when 268 is divided by ((-8082)/(-108) - 24) + 1/6.
13
Suppose 0 = -66*v + 50260 - 2278. What is the remainder when v is divided by 46?
37
Suppose 6*w - 471 = 27. Suppose 0 = -2*l + t + 159, 3*l - 4*t - w = 2*l. Calculate the remainder when l is divided by 40.
39
Suppose -10*d + 12*d + 2 = 0, 0 = -2*p + 3*d - 97. Let z = 16 + -60. Let v = z - p. What is the remainder when 39 is divided by v?
3
Let o(z) = 12*z + 7. Suppose 15*l - 150 = 3*l + 7*l - 2*k, 0 = -5*k. Calculate the remainder when o(5) is divided by l.
7
What is the remainder when 84 is divided by (1 - 2)*551/(-19)?
26
Let i = 38 - 23. Suppose 0*r - 1 = -r. Let l = r + i. Calculate the remainder when 59 is divided by l.
11
Let y = -1888 + 2087. What is the remainder when y is divided by 122?
77
Suppose 616 = 14*y + 238. Suppose 33*p = y*p + 330. Calculate the remainder when p is divided by 12.
7
Let x = 19897 + -19859. What is the remainder when 175 is divided by x?
23
Let f(q) = 9*q - 3. What is the remainder when (1986 + -1998)*(-17)/4 is divided by f(2)?
6
Let u be (3 + 0)/((-6 - -4) + 3). Let l(i) be the first derivative of 7*i**2 - 16*i - 5. What is the remainder when 100 is divided by l(u)?
22
Let j(n) = n**2 - 32*n + 58. Let m = -329 - -360. What is the remainder when j(m) is divided by 14?
13
Let a = 6595 - 3824. What is the remainder when a is divided by 42?
41
Suppose 351*p - 5206 = 214*p. What is the remainder when 371 is divided by p?
29
Suppose -5*p + 115 = 2*m, -4 + 111 = 2*m - 3*p. Calculate the remainder when (371/(-4))/(133/(-152)) is divided by m.
51
Suppose -u = 2*k - 22 + 36, -2*k = 0. Let c(h) = h**2 - h + 9. What is the remainder when c(u) is divided by 37?
34
Let w = -1192 - -1920. What is the remainder when w is divided by 25?
3
Let n(q) = -q**2 - 19*q - 39. Let r be n(-16). Suppose 3*m = r, 0 = -3*u + 3*m + 6 + 24. Calculate the remainder when 84 is divided by u.
6
Let y(z) = -13*z**3 + 3*z**2 - 3. Suppose -3*r + 15 = -0*r. Suppose 2*t = -r*p + 9, 2*p - 2*t - 12 = -0. Calculate the remainder when y(-1) is divided by p.
1
Suppose 5*d = 285 - 275, 36 = 5*a - 2*d. Let o(k) = k**3 - 3*k**2 - 4*k + 3. Let p be o(5). Let j = 96 - p. What is the remainder when j is divided by a?
7
Let z = 51 - 109. Let s = 104 + z. Let r = -4136 - -4148. What is the remainder when s is divided by r?
10
What is the remainder when (-774)/(-2) - (-9 + 8)*(5 - 10) is divided by 173?
36
Calculate the remainder when 9*1 + (19 - -284) + 23 is divided by 6.
5
Suppose 0 = -3*g + 2*z + 237, 7*g + 65 = 3*z + 628. Calculate the remainder when 195 is divided by g.
29
What is the remainder when (-115 - (12 + -4))*(-8)/((-120)/(-175)) is divided by 244?
215
Let q = 3 - 0. Suppose 0 = 2*d - 4*n - 12, -124*d + 121*d + 2*n = -38. Suppose -x + 5*c = -0*x, x + q*c = d. What is the remainder when 30 is divided by x?
0
Suppose 6*m - 2*m - 62 + 30 = 0. Calculate the remainder when 1357 is divided by m.
5
Suppose -23 = -2*d + 15. Let n(w) = -3*w**2 + 2*w + 3. Let k(y) = -y**2 - y. Let b(h) = -6*k(h) - n(h). What is the remainder when d is divided by b(1)?
9
Suppose -5*s + 19 = -3*h, 4*s + 25 = 3*h + 39. Suppose -2*c - 104 = -h*f - 2*f, 3*f - 68 = -c. Calculate the remainder when 309 is divided by f.
21
Let s(p) = p**2 + 7*p - 15. Let v(k) = 8*k - 2. Let t be v(1). Suppose t*q = 2*q + 112. What is the remainder when q is divided by s(-10)?
13
Let d(n) = -n**2 - 13*n - 12. Calculate the remainder when d(-7) is divided by 16 + (-169)/13 + 13.
14
Let l be (16 + -2)*1/(-2). Let z(o) = 9*o + 3*o**2 + 874 - 871 + 11*o. What is the remainder when z(l) is divided by 3?
1
Let s = 89 + -84. Suppose -3*a - a = -3*g + 88, -2*g + s*a = -47. What is the remainder when 179 is divided by g?
35
Suppose -l + 33 = 4*q, -2*q = -3*l + 6*l - 19. Let r(j) = j**2 + 12*j - 335. Let o be r(13). Calculate the remainder when (q/o)/(8/(-1380)) is divided by 14.
12
Suppose -z - 15*z + 174 = -10*z. Calculate the remainder when 984 is divided by z.
27
Suppose 5*i - 5*q - 54 = -19, 2 = -q. Suppose -g + i*z = -37, 4*z = 11 - 3. Calculate the remainder when 132 is divided by g.
38
Let l(v) = -21*v + 795. What is the remainder when l(34) is divided by 26?
3
Let a(g) = -14*g**2 - 157*g - 136. Calculate the remainder when 911 is divided by a(-9).
53
Suppose 2*m + 10 = -4*y - 2, -4*m = -5*y + 63. What is the remainder when (-12)/18 + (-356)/m - 3 is divided by 100/8*4/5?
6
Let l = -314 - -45. Let h = -240 - l. Calculate the remainder when 202 is divided by h.
28
Suppose 3 = -3*h + 3*z, 3*z - 5 = -h + 3*h. Suppose 1147 - 5497 = -87*n. What is the remainder when n is divided by h?
0
Let w = 192 + -183. Let g = 7 + w. Calculate the remainder when g is divided by 11.
5
Let s be 28 + (-2 - -1) - 26/(-13). Suppose 32*l - 222 = s*l. What is the remainder when l is divided by 66?
8
Suppose 0 = -13*m + 16*m - 30. Let o(a) = 2*a**3 + 5*a**2 - 2*a + 2. Let b be o(-4). Let d = -11 - b. What is the remainder when d is divided by m?
7
Let m be (-13)/(52/32) + 1844. Suppose -32*q = 22*q - m. Calculate the remainder when q is divided by 10.
4
Suppose 9035 = 82*q + 57*q. Suppose 5*o - 2*o = 126. Calculate the remainder when q is divided by o.
23
Let p(o) = -o**3 - 3*o**2 + 3*o - 2. Let t(g) = 4*g**2 + 904*g - 13419. Calculate the remainder when p(-5) is divided by t(14).
12
Let j(d) = 55*d + 302. Calculate the remainder when j(18) is divided by 72.
68
Let l be (-22)/(-6) - (20/(-6) - -3). Suppose -17 = -l*r + 19